{"id":964,"date":"2019-01-11T15:52:05","date_gmt":"2019-01-11T14:52:05","guid":{"rendered":"https:\/\/ravetto-associes.fr\/international\/moyen-orient-afrique-nord\/"},"modified":"2019-05-28T16:29:16","modified_gmt":"2019-05-28T14:29:16","slug":"mittlerer-osten-nordafrika","status":"publish","type":"international","link":"https:\/\/ravetto-associes.fr\/de\/international\/mittlerer-osten-nordafrika\/","title":{"rendered":"Mittlerer Osten Nordafrika"},"content":{"rendered":"\r\n<p>Die Kanzlei unterh\u00e4lt privilegierte Beziehungen zu zahlreichen Institutionen und Anwaltskanzleien im Mittleren Osten und in Nordafrika. Sie wird regelm\u00e4\u00dfig im Bereich von Infrastrukturvertr\u00e4gen und damit einhergehenden Rechtsstreitigkeiten t\u00e4tig.<\/p>\r\n","protected":false},"featured_media":875,"menu_order":0,"template":"","acf":[],"yoast_head":"<!-- This site is optimized with the Yoast SEO plugin v22.9 - https:\/\/yoast.com\/wordpress\/plugins\/seo\/ -->\n<title>Mittlerer Osten Nordafrika - Ravetto Associ\u00e9s | Avocats \u00e0 la Cour<\/title>\n<meta name=\"description\" content=\"Nous entretenons des liens privil\u00e9gi\u00e9s avec de nombreuses institutions et cabinets d\u2019avocat au Moyen-Orient et en Afrique du Nord.\" \/>\n<meta name=\"robots\" content=\"index, follow, max-snippet:-1, max-image-preview:large, max-video-preview:-1\" \/>\n<link rel=\"canonical\" href=\"https:\/\/ravetto-associes.fr\/de\/international\/mittlerer-osten-nordafrika\/\" \/>\n<meta property=\"og:locale\" content=\"de_DE\" \/>\n<meta property=\"og:type\" content=\"article\" \/>\n<meta property=\"og:title\" content=\"Mittlerer Osten Nordafrika - Ravetto Associ\u00e9s | Avocats \u00e0 la Cour\" \/>\n<meta property=\"og:description\" content=\"Nous entretenons des liens privil\u00e9gi\u00e9s avec de nombreuses institutions et cabinets d\u2019avocat au Moyen-Orient et en Afrique du Nord.\" \/>\n<meta property=\"og:url\" content=\"https:\/\/ravetto-associes.fr\/de\/international\/mittlerer-osten-nordafrika\/\" \/>\n<meta property=\"og:site_name\" content=\"Ravetto Associ\u00e9s | Avocats \u00e0 la Cour\" \/>\n<meta property=\"article:modified_time\" content=\"2019-05-28T14:29:16+00:00\" \/>\n<meta property=\"og:image\" content=\"https:\/\/ravetto-associes.fr\/wp-content\/uploads\/2019\/01\/maroc-international.jpg\" \/>\n\t<meta property=\"og:image:width\" content=\"473\" \/>\n\t<meta property=\"og:image:height\" content=\"820\" \/>\n\t<meta property=\"og:image:type\" content=\"image\/jpeg\" \/>\n<meta name=\"twitter:card\" content=\"summary_large_image\" \/>\n<script type=\"application\/ld+json\" class=\"yoast-schema-graph\">{\"@context\":\"https:\/\/schema.org\",\"@graph\":[{\"@type\":\"WebPage\",\"@id\":\"https:\/\/ravetto-associes.fr\/de\/international\/mittlerer-osten-nordafrika\/\",\"url\":\"https:\/\/ravetto-associes.fr\/de\/international\/mittlerer-osten-nordafrika\/\",\"name\":\"Mittlerer Osten Nordafrika - Ravetto Associ\u00e9s | Avocats \u00e0 la Cour\",\"isPartOf\":{\"@id\":\"https:\/\/ravetto-associes.fr\/#website\"},\"primaryImageOfPage\":{\"@id\":\"https:\/\/ravetto-associes.fr\/de\/international\/mittlerer-osten-nordafrika\/#primaryimage\"},\"image\":{\"@id\":\"https:\/\/ravetto-associes.fr\/de\/international\/mittlerer-osten-nordafrika\/#primaryimage\"},\"thumbnailUrl\":\"https:\/\/ravetto-associes.fr\/wp-content\/uploads\/2019\/01\/maroc-international.jpg\",\"datePublished\":\"2019-01-11T14:52:05+00:00\",\"dateModified\":\"2019-05-28T14:29:16+00:00\",\"description\":\"Nous entretenons des liens privil\u00e9gi\u00e9s avec de nombreuses institutions et cabinets d\u2019avocat au Moyen-Orient et en Afrique du Nord.\",\"breadcrumb\":{\"@id\":\"https:\/\/ravetto-associes.fr\/de\/international\/mittlerer-osten-nordafrika\/#breadcrumb\"},\"inLanguage\":\"de\",\"potentialAction\":[{\"@type\":\"ReadAction\",\"target\":[\"https:\/\/ravetto-associes.fr\/de\/international\/mittlerer-osten-nordafrika\/\"]}]},{\"@type\":\"ImageObject\",\"inLanguage\":\"de\",\"@id\":\"https:\/\/ravetto-associes.fr\/de\/international\/mittlerer-osten-nordafrika\/#primaryimage\",\"url\":\"https:\/\/ravetto-associes.fr\/wp-content\/uploads\/2019\/01\/maroc-international.jpg\",\"contentUrl\":\"https:\/\/ravetto-associes.fr\/wp-content\/uploads\/2019\/01\/maroc-international.jpg\",\"width\":473,\"height\":820},{\"@type\":\"BreadcrumbList\",\"@id\":\"https:\/\/ravetto-associes.fr\/de\/international\/mittlerer-osten-nordafrika\/#breadcrumb\",\"itemListElement\":[{\"@type\":\"ListItem\",\"position\":1,\"name\":\"Accueil\",\"item\":\"https:\/\/ravetto-associes.fr\/de\/accueil\/\"},{\"@type\":\"ListItem\",\"position\":2,\"name\":\"R\u00e9seau International\",\"item\":\"https:\/\/ravetto-associes.fr\/en\/international\/\"},{\"@type\":\"ListItem\",\"position\":3,\"name\":\"Mittlerer Osten Nordafrika\"}]},{\"@type\":\"WebSite\",\"@id\":\"https:\/\/ravetto-associes.fr\/#website\",\"url\":\"https:\/\/ravetto-associes.fr\/\",\"name\":\"Ravetto Associ\u00e9s | Avocats \u00e0 la Cour\",\"description\":\"\",\"publisher\":{\"@id\":\"https:\/\/ravetto-associes.fr\/#organization\"},\"potentialAction\":[{\"@type\":\"SearchAction\",\"target\":{\"@type\":\"EntryPoint\",\"urlTemplate\":\"https:\/\/ravetto-associes.fr\/?s={search_term_string}\"},\"query-input\":\"required name=search_term_string\"}],\"inLanguage\":\"de\"},{\"@type\":\"Organization\",\"@id\":\"https:\/\/ravetto-associes.fr\/#organization\",\"name\":\"Ravetto Associ\u00e9s\",\"url\":\"https:\/\/ravetto-associes.fr\/\",\"logo\":{\"@type\":\"ImageObject\",\"inLanguage\":\"de\",\"@id\":\"https:\/\/ravetto-associes.fr\/#\/schema\/logo\/image\/\",\"url\":\"https:\/\/ravetto-associes.fr\/wp-content\/uploads\/2019\/01\/logo-ravetto-associes@2x.png\",\"contentUrl\":\"https:\/\/ravetto-associes.fr\/wp-content\/uploads\/2019\/01\/logo-ravetto-associes@2x.png\",\"width\":981,\"height\":196,\"caption\":\"Ravetto Associ\u00e9s\"},\"image\":{\"@id\":\"https:\/\/ravetto-associes.fr\/#\/schema\/logo\/image\/\"}}]}<\/script>\n<!-- \/ Yoast SEO plugin. -->","yoast_head_json":{"title":"Mittlerer Osten Nordafrika - Ravetto Associ\u00e9s | Avocats \u00e0 la Cour","description":"Nous entretenons des liens privil\u00e9gi\u00e9s avec de nombreuses institutions et cabinets d\u2019avocat au Moyen-Orient et en Afrique du Nord.","robots":{"index":"index","follow":"follow","max-snippet":"max-snippet:-1","max-image-preview":"max-image-preview:large","max-video-preview":"max-video-preview:-1"},"canonical":"https:\/\/ravetto-associes.fr\/de\/international\/mittlerer-osten-nordafrika\/","og_locale":"de_DE","og_type":"article","og_title":"Mittlerer Osten Nordafrika - Ravetto Associ\u00e9s | Avocats \u00e0 la Cour","og_description":"Nous entretenons des liens privil\u00e9gi\u00e9s avec de nombreuses institutions et cabinets d\u2019avocat au Moyen-Orient et en Afrique du Nord.","og_url":"https:\/\/ravetto-associes.fr\/de\/international\/mittlerer-osten-nordafrika\/","og_site_name":"Ravetto Associ\u00e9s | Avocats \u00e0 la Cour","article_modified_time":"2019-05-28T14:29:16+00:00","og_image":[{"width":473,"height":820,"url":"https:\/\/ravetto-associes.fr\/wp-content\/uploads\/2019\/01\/maroc-international.jpg","type":"image\/jpeg"}],"twitter_card":"summary_large_image","schema":{"@context":"https:\/\/schema.org","@graph":[{"@type":"WebPage","@id":"https:\/\/ravetto-associes.fr\/de\/international\/mittlerer-osten-nordafrika\/","url":"https:\/\/ravetto-associes.fr\/de\/international\/mittlerer-osten-nordafrika\/","name":"Mittlerer Osten Nordafrika - Ravetto Associ\u00e9s | Avocats \u00e0 la Cour","isPartOf":{"@id":"https:\/\/ravetto-associes.fr\/#website"},"primaryImageOfPage":{"@id":"https:\/\/ravetto-associes.fr\/de\/international\/mittlerer-osten-nordafrika\/#primaryimage"},"image":{"@id":"https:\/\/ravetto-associes.fr\/de\/international\/mittlerer-osten-nordafrika\/#primaryimage"},"thumbnailUrl":"https:\/\/ravetto-associes.fr\/wp-content\/uploads\/2019\/01\/maroc-international.jpg","datePublished":"2019-01-11T14:52:05+00:00","dateModified":"2019-05-28T14:29:16+00:00","description":"Nous entretenons des liens privil\u00e9gi\u00e9s avec de nombreuses institutions et cabinets d\u2019avocat au Moyen-Orient et en Afrique du Nord.","breadcrumb":{"@id":"https:\/\/ravetto-associes.fr\/de\/international\/mittlerer-osten-nordafrika\/#breadcrumb"},"inLanguage":"de","potentialAction":[{"@type":"ReadAction","target":["https:\/\/ravetto-associes.fr\/de\/international\/mittlerer-osten-nordafrika\/"]}]},{"@type":"ImageObject","inLanguage":"de","@id":"https:\/\/ravetto-associes.fr\/de\/international\/mittlerer-osten-nordafrika\/#primaryimage","url":"https:\/\/ravetto-associes.fr\/wp-content\/uploads\/2019\/01\/maroc-international.jpg","contentUrl":"https:\/\/ravetto-associes.fr\/wp-content\/uploads\/2019\/01\/maroc-international.jpg","width":473,"height":820},{"@type":"BreadcrumbList","@id":"https:\/\/ravetto-associes.fr\/de\/international\/mittlerer-osten-nordafrika\/#breadcrumb","itemListElement":[{"@type":"ListItem","position":1,"name":"Accueil","item":"https:\/\/ravetto-associes.fr\/de\/accueil\/"},{"@type":"ListItem","position":2,"name":"R\u00e9seau International","item":"https:\/\/ravetto-associes.fr\/en\/international\/"},{"@type":"ListItem","position":3,"name":"Mittlerer Osten Nordafrika"}]},{"@type":"WebSite","@id":"https:\/\/ravetto-associes.fr\/#website","url":"https:\/\/ravetto-associes.fr\/","name":"Ravetto Associ\u00e9s | Avocats \u00e0 la Cour","description":"","publisher":{"@id":"https:\/\/ravetto-associes.fr\/#organization"},"potentialAction":[{"@type":"SearchAction","target":{"@type":"EntryPoint","urlTemplate":"https:\/\/ravetto-associes.fr\/?s={search_term_string}"},"query-input":"required name=search_term_string"}],"inLanguage":"de"},{"@type":"Organization","@id":"https:\/\/ravetto-associes.fr\/#organization","name":"Ravetto Associ\u00e9s","url":"https:\/\/ravetto-associes.fr\/","logo":{"@type":"ImageObject","inLanguage":"de","@id":"https:\/\/ravetto-associes.fr\/#\/schema\/logo\/image\/","url":"https:\/\/ravetto-associes.fr\/wp-content\/uploads\/2019\/01\/logo-ravetto-associes@2x.png","contentUrl":"https:\/\/ravetto-associes.fr\/wp-content\/uploads\/2019\/01\/logo-ravetto-associes@2x.png","width":981,"height":196,"caption":"Ravetto Associ\u00e9s"},"image":{"@id":"https:\/\/ravetto-associes.fr\/#\/schema\/logo\/image\/"}}]}},"_links":{"self":[{"href":"https:\/\/ravetto-associes.fr\/de\/wp-json\/wp\/v2\/international\/964"}],"collection":[{"href":"https:\/\/ravetto-associes.fr\/de\/wp-json\/wp\/v2\/international"}],"about":[{"href":"https:\/\/ravetto-associes.fr\/de\/wp-json\/wp\/v2\/types\/international"}],"version-history":[{"count":5,"href":"https:\/\/ravetto-associes.fr\/de\/wp-json\/wp\/v2\/international\/964\/revisions"}],"predecessor-version":[{"id":1059,"href":"https:\/\/ravetto-associes.fr\/de\/wp-json\/wp\/v2\/international\/964\/revisions\/1059"}],"wp:featuredmedia":[{"embeddable":true,"href":"https:\/\/ravetto-associes.fr\/de\/wp-json\/wp\/v2\/media\/875"}],"wp:attachment":[{"href":"https:\/\/ravetto-associes.fr\/de\/wp-json\/wp\/v2\/media?parent=964"}],"curies":[{"name":"wp","href":"https:\/\/api.w.org\/{rel}","templated":true}]}}

<p>Die Kanzlei unterhält privilegierte Beziehungen zu zahlreichen Institutionen und Anwaltskanzleien im Mittleren Osten und in Nordafrika. Sie wird regelmäßig im Bereich von Infrastrukturverträgen und damit einhergehenden Rechtsstreitigkeiten tätig.</p>

<!-- This site is optimized with the Yoast SEO plugin v22.9 - https://yoast.com/wordpress/plugins/seo/ -->
<title>Mittlerer Osten Nordafrika - Ravetto Associés | Avocats à la Cour</title>
<meta name="description" content="Nous entretenons des liens privilégiés avec de nombreuses institutions et cabinets d’avocat au Moyen-Orient et en Afrique du Nord." />
<meta name="robots" content="index, follow, max-snippet:-1, max-image-preview:large, max-video-preview:-1" />
<link rel="canonical" href="https://ravetto-associes.fr/de/international/mittlerer-osten-nordafrika/" />
<meta property="og:locale" content="de_DE" />
<meta property="og:type" content="article" />
<meta property="og:title" content="Mittlerer Osten Nordafrika - Ravetto Associés | Avocats à la Cour" />
<meta property="og:description" content="Nous entretenons des liens privilégiés avec de nombreuses institutions et cabinets d’avocat au Moyen-Orient et en Afrique du Nord." />
<meta property="og:url" content="https://ravetto-associes.fr/de/international/mittlerer-osten-nordafrika/" />
<meta property="og:site_name" content="Ravetto Associés | Avocats à la Cour" />
<meta property="article:modified_time" content="2019-05-28T14:29:16+00:00" />
<meta property="og:image" content="https://ravetto-associes.fr/wp-content/uploads/2019/01/maroc-international.jpg" />
	<meta property="og:image:width" content="473" />
	<meta property="og:image:height" content="820" />
	<meta property="og:image:type" content="image/jpeg" />
<meta name="twitter:card" content="summary_large_image" />
<script type="application/ld+json" class="yoast-schema-graph">{"@context":"https://schema.org","@graph":[{"@type":"WebPage","@id":"https://ravetto-associes.fr/de/international/mittlerer-osten-nordafrika/","url":"https://ravetto-associes.fr/de/international/mittlerer-osten-nordafrika/","name":"Mittlerer Osten Nordafrika - Ravetto Associés | Avocats à la Cour","isPartOf":{"@id":"https://ravetto-associes.fr/#website"},"primaryImageOfPage":{"@id":"https://ravetto-associes.fr/de/international/mittlerer-osten-nordafrika/#primaryimage"},"image":{"@id":"https://ravetto-associes.fr/de/international/mittlerer-osten-nordafrika/#primaryimage"},"thumbnailUrl":"https://ravetto-associes.fr/wp-content/uploads/2019/01/maroc-international.jpg","datePublished":"2019-01-11T14:52:05+00:00","dateModified":"2019-05-28T14:29:16+00:00","description":"Nous entretenons des liens privilégiés avec de nombreuses institutions et cabinets d’avocat au Moyen-Orient et en Afrique du Nord.","breadcrumb":{"@id":"https://ravetto-associes.fr/de/international/mittlerer-osten-nordafrika/#breadcrumb"},"inLanguage":"de","potentialAction":[{"@type":"ReadAction","target":["https://ravetto-associes.fr/de/international/mittlerer-osten-nordafrika/"]}]},{"@type":"ImageObject","inLanguage":"de","@id":"https://ravetto-associes.fr/de/international/mittlerer-osten-nordafrika/#primaryimage","url":"https://ravetto-associes.fr/wp-content/uploads/2019/01/maroc-international.jpg","contentUrl":"https://ravetto-associes.fr/wp-content/uploads/2019/01/maroc-international.jpg","width":473,"height":820},{"@type":"BreadcrumbList","@id":"https://ravetto-associes.fr/de/international/mittlerer-osten-nordafrika/#breadcrumb","itemListElement":[{"@type":"ListItem","position":1,"name":"Accueil","item":"https://ravetto-associes.fr/de/accueil/"},{"@type":"ListItem","position":2,"name":"Réseau International","item":"https://ravetto-associes.fr/en/international/"},{"@type":"ListItem","position":3,"name":"Mittlerer Osten Nordafrika"}]},{"@type":"WebSite","@id":"https://ravetto-associes.fr/#website","url":"https://ravetto-associes.fr/","name":"Ravetto Associés | Avocats à la Cour","description":"","publisher":{"@id":"https://ravetto-associes.fr/#organization"},"potentialAction":[{"@type":"SearchAction","target":{"@type":"EntryPoint","urlTemplate":"https://ravetto-associes.fr/?s={search_term_string}"},"query-input":"required name=search_term_string"}],"inLanguage":"de"},{"@type":"Organization","@id":"https://ravetto-associes.fr/#organization","name":"Ravetto Associés","url":"https://ravetto-associes.fr/","logo":{"@type":"ImageObject","inLanguage":"de","@id":"https://ravetto-associes.fr/#/schema/logo/image/","url":"https://ravetto-associes.fr/wp-content/uploads/2019/01/logo-ravetto-associes@2x.png","contentUrl":"https://ravetto-associes.fr/wp-content/uploads/2019/01/logo-ravetto-associes@2x.png","width":981,"height":196,"caption":"Ravetto Associés"},"image":{"@id":"https://ravetto-associes.fr/#/schema/logo/image/"}}]}</script>
<!-- / Yoast SEO plugin. -->

Mittlerer Osten Nordafrika - Ravetto Associés | Avocats à la Cour

Nous entretenons des liens privilégiés avec de nombreuses institutions et cabinets d’avocat au Moyen-Orient et en Afrique du Nord.

Ravetto Associés | Avocats à la Cour

Réseau International

Ravetto Associés
